 h(-78)?
-94
Let p(d) = -d**3 + 70*d**2 - 485*d - 86. Give p(8).
2
Let j(n) = -n + 62. What is j(92)?
-30
Let o(v) = 7*v**2 - 12*v - 23. Calculate o(7).
236
Let r(h) = -h**2 - 712*h + 152064. Determine r(172).
16
Let u(g) = -696*g - 27853. Give u(-40).
-13
Let u(n) = -n**3 + 9*n**2 + 24*n + 8. Calculate u(-2).
4
Let b(s) = -s**3 + 23*s**2 - 20*s + 112. Give b(22).
156
Let x(y) = -y**3 - 12*y**2 + 156*y - 20. What is x(-20)?
60
Let f(b) = -23*b + 1156. What is f(49)?
29
Let t(v) = -v**2 - 158*v + 2970. What is t(17)?
-5
Let l(b) = -37*b - 1438. Determine l(-39).
5
Let v(f) = f**2 + 46*f - 1944. Calculate v(-74).
128
Let b(j) = j**2 + 6299*j + 14. Give b(0).
14
Let q(o) = 2*o**2 + 107*o + 1261. What is q(-36)?
1
Let i(p) = -14*p**3 - 6*p**2 - 18*p - 39. Calculate i(-3).
339
Let b(u) = 9*u**2 + 16*u + 28. Give b(5).
333
Let z(l) = -5*l**2 + 48*l + 358. Give z(-5).
-7
Let l(x) = 711*x + 13498. Determine l(-19).
-11
Let p(j) = 308*j + 4005. Determine p(-13).
1
Let t(a) = a**3 - 19*a**2 - 21*a - 3. What is t(21)?
438
Let x(q) = q**2 + 31*q + 170. What is x(-20)?
-50
Let p(s) = 2*s**3 - 203*s**2 - 101*s - 64. Give p(102).
38
Let k(n) = -7*n**2 - 79*n - 27. Determine k(-12).
-87
Let d(n) = -n**2 + 20*n + 135. What is d(25)?
10
Let z(n) = 4*n**2 + 42*n. Determine z(0).
0
Let k(g) = -65*g - 3185. Give k(-49).
0
Let v(m) = -m**2 + 43*m + 201. What is v(-5)?
-39
Let n(l) = -4*l**2 + 126*l + 77. Determine n(32).
13
Let f(k) = k**2 - 76*k + 1347. What is f(50)?
47
Let s(r) = r**3 - 5*r**2 - 7*r + 15. Determine s(7).
64
Let s(c) = c**3 + 66*c**2 + 125*c - 206. What is s(-64)?
-14
Let w(t) = t**3 - 14*t**2 - 13*t + 16. What is w(15)?
46
Let q(l) = -286*l**2 + 44*l + 46. Calculate q(-1).
-284
Let t(z) = -14*z - 775. Give t(-55).
-5
Let k(r) = -r**2 - 22*r + 257. Calculate k(-30).
17
Let h(b) = 133*b**2 + 144*b + 10. Give h(-1).
-1
Let n(m) = -1097*m - 6585. Determine n(-6).
-3
Let n(f) = -3021*f - 208462. Determine n(-69).
-13
Let j(f) = -f**3 + 6*f**2 - 6*f + 52. Give j(6).
16
Let g(w) = 163*w + 92. What is g(-1)?
-71
Let w(v) = -295*v - 6. Determine w(-1).
289
Let b(i) = -i**3 - 31*i**2 + 49*i + 312. Determine b(-32).
-232
Let b(o) = -20*o - 41. What is b(-5)?
59
Let j(g) = -g**3 - 15*g**2 - 32*g - 40. Determine j(-11).
-172
Let a(w) = w**3 + 2*w**2 - 62*w - 97. Calculate a(-8).
15
Let s(i) = -i**3 + 12*i**2 - 41*i + 90. What is s(8)?
18
Let x(y) = -130*y + 705. What is x(4)?
185
Let q(r) = 73*r - 15. Determine q(17).
1226
Let q(x) = 296*x - 592. Give q(2).
0
Let t(y) = -110*y - 3416. Give t(-31).
-6
Let n(r) = r**2 + 19*r + 121. Give n(-8).
33
Let a(s) = -2*s**3 - 470*s**2 + 1907*s - 1240. Give a(-239).
-45
Let v(t) = -t**3 - 17*t**2 - 36*t + 43. Determine v(-7).
-195
Let a(f) = f**2 - 17*f + 201. What is a(0)?
201
Let h(f) = -f**2 + 82*f - 405. Determine h(74).
187
Let u(b) = -3*b**2 - 197*b - 789. What is u(-4)?
-49
Let g(m) = -190*m**2 + 4561*m - 17. Give g(24).
7
Let a(z) = z**3 - 3*z**2 - 14. Calculate a(4).
2
Let x(g) = 21*g - 199. Determine x(12).
53
Let u(i) = i**3 - 97*i**2 + 183*i + 591. Calculate u(95).
-74
Let h(b) = b**2 + 158*b + 22. Calculate h(0).
22
Let p(v) = 4076*v + 20368. Determine p(-5).
-12
Let y(q) = -q**2 - 20*q - 86. Determine y(-25).
-211
Let n(v) = -v**3 + 20*v**2 - 25*v + 18. Determine n(19).
-96
Let b(t) = -35*t + 17. Give b(0).
17
Let g(n) = n**3 + 101*n**2 - 312*n - 8. Determine g(-104).
-8
Let r(n) = -2*n**2 - 26*n + 374. What is r(9)?
-22
Let q(v) = 7*v**2 - 137*v + 546. Determine q(5).
36
Let j(l) = 3*l**3 - 8*l**2 + 32*l + 13. Determine j(6).
565
Let u(v) = 46*v - 418. What is u(9)?
-4
Let v(z) = 3*z**3 + 13*z**2 + 15*z + 61. Give v(-4).
17
Let s(v) = 54*v - 2079. Determine s(38).
-27
Let v(x) = -x**3 - 3*x**2 + 173*x + 76. Give v(12).
-8
Let o(t) = -61*t + 64. Calculate o(2).
-58
Let m(k) = -k**3 - 92*k**2 + 2*k + 188. What is m(-92)?
4
Let o(n) = -98*n + 591. Determine o(6).
3
Let z(f) = 116*f - 732. Give z(12).
660
Let q(k) = 6*k**2 + 15*k - 144. Give q(4).
12
Let b(u) = 110*u + 1441. Determine b(-13).
11
Let c(t) = -2*t**2 + 147*t - 979. Calculate c(66).
11
Let b(r) = -r**3 - 15*r**2 + 27*r - 79. Determine b(-17).
40
Let o(b) = -b**3 - 15*b**2 - 60*b - 5. Determine o(-7).
23
Let u(z) = 2*z**3 + 42*z**2 + 23*z - 421. Give u(-20).
-81
Let k(r) = -r**2 + 33*r - 18. Calculate k(-12).
-558
Let j(n) = n + 47. What is j(6)?
53
Let n(j) = -2655*j + 7943. Determine n(3).
-22
Let o(r) = r**3 + 11*r**2 - 75*r + 8. Determine o(-12).
764
Let q(j) = -406*j + 844. What is q(1)?
438
Let r(l) = -l**3 - 28*l**2 - 24*l + 50. What is r(-27)?
-31
Let t(b) = -2*b**2 - 17*b - 8. Determine t(-8).
0
Let u(h) = 2*h**2 + 133*h - 2. Calculate u(-66).
-68
Let w(j) = -j**2 + 1971*j - 5911. Determine w(3).
-7
Let k(i) = -2*i**2 - 466*i - 7745. Determine k(-18).
-5
Let z(n) = 353*n + 714. Give z(-2).
8
Let r(h) = -h**2 + 8*h - 13. Calculate r(7).
-6
Let w(c) = 8*c**2 + 10*c - 3. Give w(-3).
39
Let h(l) = -l**3 + 21*l**2 - 46*l - 30. Give h(17).
344
Let k(w) = -614*w + 23336. Calculate k(38).
4
Let w(j) = -6*j + 188. Determine w(3).
170
Let a(n) = -n**3 - 99*n**2 - 2357*n + 158. Calculate a(-59).
-19
Let x(u) = -2*u**2 - 13*u - 46. Determine x(-4).
-26
Let i(c) = 2*c**3 - 107*c**2 + 351*c - 29. Calculate i(50).
21
Let l(y) = y**2 + 4*y + 7. Determine l(-9).
52
Let l(f) = -20*f**2 - 249*f - 759. Give l(-7).
4
Let r(d) = -6*d**2 - 52*d + 170. Determine r(-16).
-534
Let n(q) = -q**3 + 102*q**2 + 32*q - 13458. Determine n(101).
-25
Let q(p) = 4*p**3 - 910*p**2 + 453*p + 219. What is q(227)?
-8
Let q(x) = -18*x**2 + 972*x - 2. What is q(54)?
-2
Let o(x) = 83*x - 110. What is o(3)?
139
Let x(g) = g**2 - 3*g + 61. Calculate x(0).
61
Let h(p) = -p**2 - 6*p - 41. Calculate h(-13).
-132
Let l(n) = 12*n**2 + 15*n - 49. What is l(3)?
104
Let d(u) = 17512*u + 52532. Give d(-3).
-4
Let b(s) = -s**3 - 19*s**2 - 56*s - 69. Give b(-17).
305
Let i(u) = 30*u - 1316. Determine i(44).
4
Let l(w) = w**2 - 1702*w + 46878. Give l(28).
6
Let q(l) = l**2 - 1417*l - 248849. What is q(-158)?
1
Let u(f) = -3*f**3 + 11*f**2 + 41*f - 145. Determine u(3).
-4
Let y(k) = -14*k**2 + 191*k + 59. What is y(14)?
-11
Let b(w) = w**3 + 22*w**2 - 16*w + 52. Calculate b(-23).
-109
Let u(b) = -b**3 + 24*b**2 - 157*b + 1990. Determine u(21).
16
Let i(p) = -p**3 - 4*p**2 + 88*p + 429. Determine i(-8).
-19
Let u(n) = 5*n**2 - 66*n - 4. What is u(13)?
-17
Let q(z) = 43*z**2 - 898*z - 46. What is q(21)?
59
Let q(w) = -3*w**2 + 161*w - 214. Determine q(52).
46
Let b(o) = o**3 - 178*o**2 + 532*o - 1220. Give b(175).
5
Let c(v) = 13*v**2 - 336*v - 46. Give c(26).
6
Let q(d) = d**2 + 5944*d - 11894. Give q(2).
-2
Let y(f) = 15*f**3 - f**2 - 24*f - 48. What is y(-2)?
-124
Let c(b) = -335*b + 1103. What is c(3)?
98
Let k(s) = -2*s**3 + 26*s**2 + 80*s - 722. Determine k(14).
6
Let v(p) = 4*p - 18. Calculate v(1).
-14
Let m(z) = 12*z**2 + 994*z + 5540. Determine m(-6).
8
Let q(k) = -k**3 - 24*k**2 + 19*k - 152. Calculate q(-25).
-2
Let v(r) = r**3 + 89*r**2 - 185*r - 260. Give v(-91).
13
Let j(n) = 54*n - 846. Give j(16).
18
Let z(d) = -18*d**2 - 162*d - 9. What is z(-9)?
-9
Let c(o) = -o**3 + 46*o**2 - 330*o - 145. What is c(37)?
-34
Let k(y) = -2123*y + 14812. Determine k(7).
-49
Let m(w) = -15*w - 83. What is m(-5)?
-8
Let t(n) = -3*n**3 + 421*n**2 - 143*n + 427. What is t(140)?
7
Let h(r) = r**2 - 20*r + 2. Calculate h(16).
-62
Let f(l) = -177*l + 2670. Determine f(15).
15
Let c(d) = d**3 - 79*d**2 - 250*d - 28. Give c(82).
-356
Let n(j) = 684*j - 13013. Determine n(19).
-17
Let i(u) = u**2 - 49*u + 324. What is i(40)?
-36
Let w(q) = 73*q - 1976. Give w(27).
-5
Let m(d) = -453*d - 41667. Calculate m(-92).
9
Let c(v) = -92*v + 6848. Calculate c(73).
132
Let r(h) = -15*h - 89. Give r(9).
-224
Let h(d) = -d**3 + 18*d**2 + 22*d - 17. Calculate h(17).
646
Let g(d) = 39*d**2 + 332*d + 29. Determine g(-8).
-131
Let p(j) = 397*j + 8338. Calculate p(-21).
1
Let g(u) = -u**3 - 124*u**2 + 396*u + 1913. Give g(-127).
8
Let j(u) = -119*u - 23. Calculate j(1).
-142
Let d(l) = -908*l + 58. Determine d(1).
-850
Let v(w) = -3*w**2 - 453*w - 23. Give v(-151).
-23
Let q(p) = -3*p**3 + 218*p**2 - 145*p + 68. Give q(72).
-4
Let c(d) = 19*d + 67. Determine c(-9).
-104
Let n(z) = -z**3 - 221*z**2 + 4564*z - 70. Give n(